{"id":1041,"date":"2019-05-13T21:13:13","date_gmt":"2019-05-13T20:13:13","guid":{"rendered":"https:\/\/stjoorvault.fr\/index.php\/?page_id=1041"},"modified":"2019-05-14T08:43:38","modified_gmt":"2019-05-14T07:43:38","slug":"location-des-barnums-de-lecole","status":"publish","type":"page","link":"https:\/\/stjoorvault.fr\/index.php\/location-des-barnums-de-lecole\/","title":{"rendered":"Location des barnums de l&#8217;\u00e9cole"},"content":{"rendered":"\n<p>L&#8217;OGEC de l&#8217;\u00e9cole Saint Joseph met \u00e0 disposition&nbsp;deux&nbsp;barnums (utilis\u00e9s pour la kermesse) de dimensions 3 x 6 m.&nbsp;<\/p>\n\n\n\n<p>Le tarif de location est\u00a0de 60 \u20ac le week-end \u00a0pour le &#8220;barnum 2015&#8221; et 50 \u20ac le week-end pour l&#8217;ancien barnum de l&#8217;\u00e9cole\u00a0(ch\u00e8que \u00e0 l&#8217;ordre de &#8220;l&#8217;OGEC de l&#8217;\u00e9cole Saint Joseph&#8221;).<\/p>\n\n\n\n<p><strong>Il est \u00e0 retirer \u00e0 l&#8217;\u00e9cole apr\u00e8s validation et en pr\u00e9sence d&#8217;un membre du CA de l&#8217;OGEC.<\/strong><\/p>\n\n\n\n<p>Merci de le r\u00e9server via le formulaire ci-dessous<\/p>\n\n\n\n<div class=\"wpcf7 no-js\" id=\"wpcf7-f1040-o1\" lang=\"fr-FR\" dir=\"ltr\">\n<div class=\"screen-reader-response\"><p role=\"status\" aria-live=\"polite\" aria-atomic=\"true\"><\/p> <ul><\/ul><\/div>\n<form action=\"\/index.php\/wp-json\/wp\/v2\/pages\/1041#wpcf7-f1040-o1\" method=\"post\" class=\"wpcf7-form init\" aria-label=\"Formulaire de contact\" novalidate=\"novalidate\" data-status=\"init\">\n<div style=\"display: none;\">\n<input type=\"hidden\" name=\"_wpcf7\" value=\"1040\" \/>\n<input type=\"hidden\" name=\"_wpcf7_version\" value=\"5.8.1\" \/>\n<input type=\"hidden\" name=\"_wpcf7_locale\" value=\"fr_FR\" \/>\n<input type=\"hidden\" name=\"_wpcf7_unit_tag\" value=\"wpcf7-f1040-o1\" \/>\n<input type=\"hidden\" name=\"_wpcf7_container_post\" value=\"0\" \/>\n<input type=\"hidden\" name=\"_wpcf7_posted_data_hash\" value=\"\" \/>\n<input type=\"hidden\" name=\"_wpcf7_recaptcha_response\" value=\"\" \/>\n<\/div>\n<p><label> Barnum emprunt\u00e9<br \/>\n<span class=\"wpcf7-form-control-wrap\" data-name=\"type\"><select class=\"wpcf7-form-control wpcf7-select wpcf7-validates-as-required\" aria-required=\"true\" aria-invalid=\"false\" name=\"type\"><option value=\"Ancien barnum - 3 x 6 m - 50\u20ac le week-end\">Ancien barnum - 3 x 6 m - 50\u20ac le week-end<\/option><option value=\"Nouveau barnum &quot;2015&quot; - 3 x 6 m - 60\u20ac le week-end\">Nouveau barnum &quot;2015&quot; - 3 x 6 m - 60\u20ac le week-end<\/option><\/select><\/span> <\/label>\n<\/p>\n<p><label> Dates de retrait du barnum<br \/>\n<span class=\"wpcf7-form-control-wrap\" data-name=\"debut\"><input class=\"wpcf7-form-control wpcf7-date wpcf7-validates-as-required wpcf7-validates-as-date\" aria-required=\"true\" aria-invalid=\"false\" value=\"\" type=\"date\" name=\"debut\" \/><\/span> <\/label>\n<\/p>\n<p><label> Date de retour du barnum<br \/>\n<span class=\"wpcf7-form-control-wrap\" data-name=\"fin\"><input class=\"wpcf7-form-control wpcf7-date wpcf7-validates-as-required wpcf7-validates-as-date\" aria-required=\"true\" aria-invalid=\"false\" value=\"\" type=\"date\" name=\"fin\" \/><\/span> <\/label>\n<\/p>\n<p><label> Nom<br \/>\n<span class=\"wpcf7-form-control-wrap\" data-name=\"nom\"><input size=\"40\" class=\"wpcf7-form-control wpcf7-text wpcf7-validates-as-required\" aria-required=\"true\" aria-invalid=\"false\" value=\"\" type=\"text\" name=\"nom\" \/><\/span> <\/label>\n<\/p>\n<p><label> e-mail<br \/>\n<span class=\"wpcf7-form-control-wrap\" data-name=\"email\"><input size=\"40\" class=\"wpcf7-form-control wpcf7-email wpcf7-validates-as-required wpcf7-text wpcf7-validates-as-email\" aria-required=\"true\" aria-invalid=\"false\" value=\"\" type=\"email\" name=\"email\" \/><\/span> <\/label>\n<\/p>\n<p><label> Num\u00e9ro de t\u00e9l\u00e9phone<br \/>\n<span class=\"wpcf7-form-control-wrap\" data-name=\"tel\"><input size=\"40\" class=\"wpcf7-form-control wpcf7-tel wpcf7-validates-as-required wpcf7-text wpcf7-validates-as-tel\" aria-required=\"true\" aria-invalid=\"false\" value=\"\" type=\"tel\" name=\"tel\" \/><\/span> <\/label>\n<\/p>\n<p><label> Message compl\u00e9mentaire<br \/>\n<span class=\"wpcf7-form-control-wrap\" data-name=\"message\"><textarea cols=\"40\" rows=\"10\" class=\"wpcf7-form-control wpcf7-textarea\" aria-invalid=\"false\" name=\"message\"><\/textarea><\/span> <\/label>\n<\/p>\n<p><input class=\"wpcf7-form-control wpcf7-submit has-spinner\" type=\"submit\" value=\"Envoyer\" \/>\n<\/p><div class=\"wpcf7-response-output\" aria-hidden=\"true\"><\/div>\n<\/form>\n<\/div>\n\n","protected":false},"excerpt":{"rendered":"<p>L&#8217;OGEC de l&#8217;\u00e9cole Saint Joseph met \u00e0 disposition&nbsp;deux&nbsp;barnums (utilis\u00e9s pour la kermesse) de dimensions 3 x 6 m.&nbsp; Le tarif &hellip; <\/p>\n","protected":false},"author":1,"featured_media":0,"parent":0,"menu_order":0,"comment_status":"closed","ping_status":"closed","template":"","meta":{"ngg_post_thumbnail":0,"footnotes":""},"yoast_head":"<!-- This site is optimized with the Yoast SEO plugin v21.3 - https:\/\/yoast.com\/wordpress\/plugins\/seo\/ -->\n<title>Location des barnums de l&#039;\u00e9cole - Ecole Saint Joseph<\/title>\n<meta name=\"robots\" content=\"index, follow, max-snippet:-1, max-image-preview:large, max-video-preview:-1\" \/>\n<link rel=\"canonical\" href=\"https:\/\/stjoorvault.fr\/index.php\/location-des-barnums-de-lecole\/\" \/>\n<meta property=\"og:locale\" content=\"fr_FR\" \/>\n<meta property=\"og:type\" content=\"article\" \/>\n<meta property=\"og:title\" content=\"Location des barnums de l&#039;\u00e9cole - Ecole Saint Joseph\" \/>\n<meta property=\"og:description\" content=\"L&#8217;OGEC de l&#8217;\u00e9cole Saint Joseph met \u00e0 disposition&nbsp;deux&nbsp;barnums (utilis\u00e9s pour la kermesse) de dimensions 3 x 6 m.&nbsp; Le tarif &hellip;\" \/>\n<meta property=\"og:url\" content=\"https:\/\/stjoorvault.fr\/index.php\/location-des-barnums-de-lecole\/\" \/>\n<meta property=\"og:site_name\" content=\"Ecole Saint Joseph\" \/>\n<meta property=\"article:modified_time\" content=\"2019-05-14T07:43:38+00:00\" \/>\n<script type=\"application\/ld+json\" class=\"yoast-schema-graph\">{\"@context\":\"https:\/\/schema.org\",\"@graph\":[{\"@type\":\"WebPage\",\"@id\":\"https:\/\/stjoorvault.fr\/index.php\/location-des-barnums-de-lecole\/\",\"url\":\"https:\/\/stjoorvault.fr\/index.php\/location-des-barnums-de-lecole\/\",\"name\":\"Location des barnums de l'\u00e9cole - Ecole Saint Joseph\",\"isPartOf\":{\"@id\":\"https:\/\/stjoorvault.fr\/index.php\/#website\"},\"datePublished\":\"2019-05-13T20:13:13+00:00\",\"dateModified\":\"2019-05-14T07:43:38+00:00\",\"breadcrumb\":{\"@id\":\"https:\/\/stjoorvault.fr\/index.php\/location-des-barnums-de-lecole\/#breadcrumb\"},\"inLanguage\":\"fr-FR\",\"potentialAction\":[{\"@type\":\"ReadAction\",\"target\":[\"https:\/\/stjoorvault.fr\/index.php\/location-des-barnums-de-lecole\/\"]}]},{\"@type\":\"BreadcrumbList\",\"@id\":\"https:\/\/stjoorvault.fr\/index.php\/location-des-barnums-de-lecole\/#breadcrumb\",\"itemListElement\":[{\"@type\":\"ListItem\",\"position\":1,\"name\":\"Accueil\",\"item\":\"https:\/\/stjoorvault.fr\/index.php\/\"},{\"@type\":\"ListItem\",\"position\":2,\"name\":\"Location des barnums de l&rsquo;\u00e9cole\"}]},{\"@type\":\"WebSite\",\"@id\":\"https:\/\/stjoorvault.fr\/index.php\/#website\",\"url\":\"https:\/\/stjoorvault.fr\/index.php\/\",\"name\":\"Ecole Saint Joseph\",\"description\":\"Ecole Priv\u00e9e Catholique \u00e0 Orvault\",\"potentialAction\":[{\"@type\":\"SearchAction\",\"target\":{\"@type\":\"EntryPoint\",\"urlTemplate\":\"https:\/\/stjoorvault.fr\/index.php\/?s={search_term_string}\"},\"query-input\":\"required name=search_term_string\"}],\"inLanguage\":\"fr-FR\"}]}<\/script>\n<!-- \/ Yoast SEO plugin. -->","yoast_head_json":{"title":"Location des barnums de l'\u00e9cole - Ecole Saint Joseph","robots":{"index":"index","follow":"follow","max-snippet":"max-snippet:-1","max-image-preview":"max-image-preview:large","max-video-preview":"max-video-preview:-1"},"canonical":"https:\/\/stjoorvault.fr\/index.php\/location-des-barnums-de-lecole\/","og_locale":"fr_FR","og_type":"article","og_title":"Location des barnums de l'\u00e9cole - Ecole Saint Joseph","og_description":"L&#8217;OGEC de l&#8217;\u00e9cole Saint Joseph met \u00e0 disposition&nbsp;deux&nbsp;barnums (utilis\u00e9s pour la kermesse) de dimensions 3 x 6 m.&nbsp; Le tarif &hellip;","og_url":"https:\/\/stjoorvault.fr\/index.php\/location-des-barnums-de-lecole\/","og_site_name":"Ecole Saint Joseph","article_modified_time":"2019-05-14T07:43:38+00:00","schema":{"@context":"https:\/\/schema.org","@graph":[{"@type":"WebPage","@id":"https:\/\/stjoorvault.fr\/index.php\/location-des-barnums-de-lecole\/","url":"https:\/\/stjoorvault.fr\/index.php\/location-des-barnums-de-lecole\/","name":"Location des barnums de l'\u00e9cole - Ecole Saint Joseph","isPartOf":{"@id":"https:\/\/stjoorvault.fr\/index.php\/#website"},"datePublished":"2019-05-13T20:13:13+00:00","dateModified":"2019-05-14T07:43:38+00:00","breadcrumb":{"@id":"https:\/\/stjoorvault.fr\/index.php\/location-des-barnums-de-lecole\/#breadcrumb"},"inLanguage":"fr-FR","potentialAction":[{"@type":"ReadAction","target":["https:\/\/stjoorvault.fr\/index.php\/location-des-barnums-de-lecole\/"]}]},{"@type":"BreadcrumbList","@id":"https:\/\/stjoorvault.fr\/index.php\/location-des-barnums-de-lecole\/#breadcrumb","itemListElement":[{"@type":"ListItem","position":1,"name":"Accueil","item":"https:\/\/stjoorvault.fr\/index.php\/"},{"@type":"ListItem","position":2,"name":"Location des barnums de l&rsquo;\u00e9cole"}]},{"@type":"WebSite","@id":"https:\/\/stjoorvault.fr\/index.php\/#website","url":"https:\/\/stjoorvault.fr\/index.php\/","name":"Ecole Saint Joseph","description":"Ecole Priv\u00e9e Catholique \u00e0 Orvault","potentialAction":[{"@type":"SearchAction","target":{"@type":"EntryPoint","urlTemplate":"https:\/\/stjoorvault.fr\/index.php\/?s={search_term_string}"},"query-input":"required name=search_term_string"}],"inLanguage":"fr-FR"}]}},"_links":{"self":[{"href":"https:\/\/stjoorvault.fr\/index.php\/wp-json\/wp\/v2\/pages\/1041"}],"collection":[{"href":"https:\/\/stjoorvault.fr\/index.php\/wp-json\/wp\/v2\/pages"}],"about":[{"href":"https:\/\/stjoorvault.fr\/index.php\/wp-json\/wp\/v2\/types\/page"}],"author":[{"embeddable":true,"href":"https:\/\/stjoorvault.fr\/index.php\/wp-json\/wp\/v2\/users\/1"}],"replies":[{"embeddable":true,"href":"https:\/\/stjoorvault.fr\/index.php\/wp-json\/wp\/v2\/comments?post=1041"}],"version-history":[{"count":4,"href":"https:\/\/stjoorvault.fr\/index.php\/wp-json\/wp\/v2\/pages\/1041\/revisions"}],"predecessor-version":[{"id":1045,"href":"https:\/\/stjoorvault.fr\/index.php\/wp-json\/wp\/v2\/pages\/1041\/revisions\/1045"}],"wp:attachment":[{"href":"https:\/\/stjoorvault.fr\/index.php\/wp-json\/wp\/v2\/media?parent=1041"}],"curies":[{"name":"wp","href":"https:\/\/api.w.org\/{rel}","templated":true}]}}