{"id":4140,"date":"2022-03-04T15:53:20","date_gmt":"2022-03-04T14:53:20","guid":{"rendered":"https:\/\/stjoorvault.fr\/index.php\/?page_id=4140"},"modified":"2023-08-31T15:05:55","modified_gmt":"2023-08-31T14:05:55","slug":"laccueil-de-loisirs-du-mercredi-matin","status":"publish","type":"page","link":"https:\/\/stjoorvault.fr\/index.php\/laccueil-de-loisirs-du-mercredi-matin\/","title":{"rendered":"Accueil du mercredi matin"},"content":{"rendered":"<p>L&#8217;\u00e9cole Saint-Joseph fonctionne sur 4 jours (lundi, mardi, jeudi, vendredi).<\/p>\n<p>L&#8217;\u00e9cole et la Ville d&#8217;Orvault proposent deux dispositifs pour la garde de votre enfant ce jour-l\u00e0.<\/p>\n<h2>Le mercredi matin, une garderie<\/h2>\n<p>L&#8217;\u00e9cole n&#8217;h\u00e9berge plus un ALSH comme les ann\u00e9es pr\u00e9c\u00e9dentes et prend ses marques sur ce nouveau dispositif. Des activit\u00e9s manuelles, sportives, &#8230;; pourront \u00eatre propos\u00e9es par l&#8217;\u00e9quipe d&#8217;animation mais sans programme pr\u00e9-communiqu\u00e9 aux familles.<\/p>\n<p><strong>Encadrement :<\/strong> les \u00e9l\u00e8ves seront encadr\u00e9s par le responsable temps p\u00e9riscolaire de l&#8217;\u00e9cole et deux, voire trois, animateurs selon l&#8217;effectif.<\/p>\n<p><strong>Horaires de fonctionnement :<\/strong> 8h-12h<\/p>\n<p>L&#8217;accueil sera possible entre 8h et 9h. Pass\u00e9 cette heure, l&#8217;acc\u00e8s ne sera plus possible.<\/p>\n<p><strong>Tarif :<\/strong> 15\u20ac par matin\u00e9e<\/p>\n<p><strong>Capacit\u00e9 d&#8217;accueil :<\/strong> 40 \u00e9l\u00e8ves<\/p>\n<p>Inscriptions : Pour que votre enfant soir accueilli le mercredi matin, son inscription devra avoir \u00e9t\u00e9 faite le mercredi pr\u00e9c\u00e9dent avant 23h59. Nous vous demandons d&#8217;adresser votre demande \u00e0 <a href=\"mailto:periscolaire@stjoorvault.fr\">periscolaire@stjoorvault.fr<\/a>.<\/p>\n<p>Pour les oublis ou impr\u00e9vus, pass\u00e9 la date limite d&#8217;inscription, il sera possible d&#8217;inscrire votre enfant sous r\u00e9serve de places disponibles. <strong>Une surfacturation sera appliqu\u00e9e au tarif de 25\u20ac la matin\u00e9e<\/strong>.<\/p>\n<p>Un mail de confirmation vous sera adress\u00e9 pour valider l&#8217;inscription de votre enfant \u00e0 la date demand\u00e9e.<\/p>\n","protected":false},"excerpt":{"rendered":"<p>L&#8217;\u00e9cole Saint-Joseph fonctionne sur 4 jours (lundi, mardi, jeudi, vendredi). L&#8217;\u00e9cole et la Ville d&#8217;Orvault proposent deux dispositifs pour la &hellip; <\/p>\n","protected":false},"author":1,"featured_media":0,"parent":0,"menu_order":0,"comment_status":"closed","ping_status":"closed","template":"","meta":{"ngg_post_thumbnail":0,"footnotes":""},"yoast_head":"<!-- This site is optimized with the Yoast SEO plugin v21.3 - https:\/\/yoast.com\/wordpress\/plugins\/seo\/ -->\n<title>Accueil du mercredi matin - Ecole Saint Joseph<\/title>\n<meta name=\"robots\" content=\"index, follow, max-snippet:-1, max-image-preview:large, max-video-preview:-1\" \/>\n<link rel=\"canonical\" href=\"https:\/\/stjoorvault.fr\/index.php\/laccueil-de-loisirs-du-mercredi-matin\/\" \/>\n<meta property=\"og:locale\" content=\"fr_FR\" \/>\n<meta property=\"og:type\" content=\"article\" \/>\n<meta property=\"og:title\" content=\"Accueil du mercredi matin - Ecole Saint Joseph\" \/>\n<meta property=\"og:description\" content=\"L&#8217;\u00e9cole Saint-Joseph fonctionne sur 4 jours (lundi, mardi, jeudi, vendredi). L&#8217;\u00e9cole et la Ville d&#8217;Orvault proposent deux dispositifs pour la &hellip;\" \/>\n<meta property=\"og:url\" content=\"https:\/\/stjoorvault.fr\/index.php\/laccueil-de-loisirs-du-mercredi-matin\/\" \/>\n<meta property=\"og:site_name\" content=\"Ecole Saint Joseph\" \/>\n<meta property=\"article:modified_time\" content=\"2023-08-31T14:05:55+00:00\" \/>\n<meta name=\"twitter:label1\" content=\"Dur\u00e9e de lecture estim\u00e9e\" \/>\n\t<meta name=\"twitter:data1\" content=\"1 minute\" \/>\n<script type=\"application\/ld+json\" class=\"yoast-schema-graph\">{\"@context\":\"https:\/\/schema.org\",\"@graph\":[{\"@type\":\"WebPage\",\"@id\":\"https:\/\/stjoorvault.fr\/index.php\/laccueil-de-loisirs-du-mercredi-matin\/\",\"url\":\"https:\/\/stjoorvault.fr\/index.php\/laccueil-de-loisirs-du-mercredi-matin\/\",\"name\":\"Accueil du mercredi matin - Ecole Saint Joseph\",\"isPartOf\":{\"@id\":\"https:\/\/stjoorvault.fr\/index.php\/#website\"},\"datePublished\":\"2022-03-04T14:53:20+00:00\",\"dateModified\":\"2023-08-31T14:05:55+00:00\",\"breadcrumb\":{\"@id\":\"https:\/\/stjoorvault.fr\/index.php\/laccueil-de-loisirs-du-mercredi-matin\/#breadcrumb\"},\"inLanguage\":\"fr-FR\",\"potentialAction\":[{\"@type\":\"ReadAction\",\"target\":[\"https:\/\/stjoorvault.fr\/index.php\/laccueil-de-loisirs-du-mercredi-matin\/\"]}]},{\"@type\":\"BreadcrumbList\",\"@id\":\"https:\/\/stjoorvault.fr\/index.php\/laccueil-de-loisirs-du-mercredi-matin\/#breadcrumb\",\"itemListElement\":[{\"@type\":\"ListItem\",\"position\":1,\"name\":\"Accueil\",\"item\":\"https:\/\/stjoorvault.fr\/index.php\/\"},{\"@type\":\"ListItem\",\"position\":2,\"name\":\"Accueil du mercredi matin\"}]},{\"@type\":\"WebSite\",\"@id\":\"https:\/\/stjoorvault.fr\/index.php\/#website\",\"url\":\"https:\/\/stjoorvault.fr\/index.php\/\",\"name\":\"Ecole Saint Joseph\",\"description\":\"Ecole Priv\u00e9e Catholique \u00e0 Orvault\",\"potentialAction\":[{\"@type\":\"SearchAction\",\"target\":{\"@type\":\"EntryPoint\",\"urlTemplate\":\"https:\/\/stjoorvault.fr\/index.php\/?s={search_term_string}\"},\"query-input\":\"required name=search_term_string\"}],\"inLanguage\":\"fr-FR\"}]}<\/script>\n<!-- \/ Yoast SEO plugin. -->","yoast_head_json":{"title":"Accueil du mercredi matin - Ecole Saint Joseph","robots":{"index":"index","follow":"follow","max-snippet":"max-snippet:-1","max-image-preview":"max-image-preview:large","max-video-preview":"max-video-preview:-1"},"canonical":"https:\/\/stjoorvault.fr\/index.php\/laccueil-de-loisirs-du-mercredi-matin\/","og_locale":"fr_FR","og_type":"article","og_title":"Accueil du mercredi matin - Ecole Saint Joseph","og_description":"L&#8217;\u00e9cole Saint-Joseph fonctionne sur 4 jours (lundi, mardi, jeudi, vendredi). L&#8217;\u00e9cole et la Ville d&#8217;Orvault proposent deux dispositifs pour la &hellip;","og_url":"https:\/\/stjoorvault.fr\/index.php\/laccueil-de-loisirs-du-mercredi-matin\/","og_site_name":"Ecole Saint Joseph","article_modified_time":"2023-08-31T14:05:55+00:00","twitter_misc":{"Dur\u00e9e de lecture estim\u00e9e":"1 minute"},"schema":{"@context":"https:\/\/schema.org","@graph":[{"@type":"WebPage","@id":"https:\/\/stjoorvault.fr\/index.php\/laccueil-de-loisirs-du-mercredi-matin\/","url":"https:\/\/stjoorvault.fr\/index.php\/laccueil-de-loisirs-du-mercredi-matin\/","name":"Accueil du mercredi matin - Ecole Saint Joseph","isPartOf":{"@id":"https:\/\/stjoorvault.fr\/index.php\/#website"},"datePublished":"2022-03-04T14:53:20+00:00","dateModified":"2023-08-31T14:05:55+00:00","breadcrumb":{"@id":"https:\/\/stjoorvault.fr\/index.php\/laccueil-de-loisirs-du-mercredi-matin\/#breadcrumb"},"inLanguage":"fr-FR","potentialAction":[{"@type":"ReadAction","target":["https:\/\/stjoorvault.fr\/index.php\/laccueil-de-loisirs-du-mercredi-matin\/"]}]},{"@type":"BreadcrumbList","@id":"https:\/\/stjoorvault.fr\/index.php\/laccueil-de-loisirs-du-mercredi-matin\/#breadcrumb","itemListElement":[{"@type":"ListItem","position":1,"name":"Accueil","item":"https:\/\/stjoorvault.fr\/index.php\/"},{"@type":"ListItem","position":2,"name":"Accueil du mercredi matin"}]},{"@type":"WebSite","@id":"https:\/\/stjoorvault.fr\/index.php\/#website","url":"https:\/\/stjoorvault.fr\/index.php\/","name":"Ecole Saint Joseph","description":"Ecole Priv\u00e9e Catholique \u00e0 Orvault","potentialAction":[{"@type":"SearchAction","target":{"@type":"EntryPoint","urlTemplate":"https:\/\/stjoorvault.fr\/index.php\/?s={search_term_string}"},"query-input":"required name=search_term_string"}],"inLanguage":"fr-FR"}]}},"_links":{"self":[{"href":"https:\/\/stjoorvault.fr\/index.php\/wp-json\/wp\/v2\/pages\/4140"}],"collection":[{"href":"https:\/\/stjoorvault.fr\/index.php\/wp-json\/wp\/v2\/pages"}],"about":[{"href":"https:\/\/stjoorvault.fr\/index.php\/wp-json\/wp\/v2\/types\/page"}],"author":[{"embeddable":true,"href":"https:\/\/stjoorvault.fr\/index.php\/wp-json\/wp\/v2\/users\/1"}],"replies":[{"embeddable":true,"href":"https:\/\/stjoorvault.fr\/index.php\/wp-json\/wp\/v2\/comments?post=4140"}],"version-history":[{"count":4,"href":"https:\/\/stjoorvault.fr\/index.php\/wp-json\/wp\/v2\/pages\/4140\/revisions"}],"predecessor-version":[{"id":5246,"href":"https:\/\/stjoorvault.fr\/index.php\/wp-json\/wp\/v2\/pages\/4140\/revisions\/5246"}],"wp:attachment":[{"href":"https:\/\/stjoorvault.fr\/index.php\/wp-json\/wp\/v2\/media?parent=4140"}],"curies":[{"name":"wp","href":"https:\/\/api.w.org\/{rel}","templated":true}]}}