{"id":673,"date":"2019-03-16T18:13:34","date_gmt":"2019-03-16T17:13:34","guid":{"rendered":"http:\/\/stjoorvault.fr\/index_tmp.php\/?page_id=673"},"modified":"2019-03-17T11:25:16","modified_gmt":"2019-03-17T10:25:16","slug":"la-communication-non-violente","status":"publish","type":"page","link":"https:\/\/stjoorvault.fr\/index.php\/la-communication-non-violente\/","title":{"rendered":"La Communication Non-Violente"},"content":{"rendered":"\n<figure class=\"wp-block-image is-resized\"><img loading=\"lazy\" decoding=\"async\" src=\"https:\/\/stjoorvault.fr\/wp-content\/uploads\/2019\/03\/comm06.png\" alt=\"\" class=\"wp-image-676\" width=\"777\" height=\"311\" srcset=\"https:\/\/stjoorvault.fr\/wp-content\/uploads\/2019\/03\/comm06.png 750w, https:\/\/stjoorvault.fr\/wp-content\/uploads\/2019\/03\/comm06-300x120.png 300w\" sizes=\"(max-width: 777px) 100vw, 777px\" \/><\/figure>\n\n\n\n<div class=\"wp-block-media-text alignwide\" style=\"grid-template-columns:10% auto\"><figure class=\"wp-block-media-text__media\"><img loading=\"lazy\" decoding=\"async\" width=\"626\" height=\"626\" src=\"https:\/\/stjoorvault.fr\/wp-content\/uploads\/2019\/03\/point-interro.jpg\" alt=\"\" class=\"wp-image-677\" srcset=\"https:\/\/stjoorvault.fr\/wp-content\/uploads\/2019\/03\/point-interro.jpg 626w, https:\/\/stjoorvault.fr\/wp-content\/uploads\/2019\/03\/point-interro-150x150.jpg 150w, https:\/\/stjoorvault.fr\/wp-content\/uploads\/2019\/03\/point-interro-300x300.jpg 300w, https:\/\/stjoorvault.fr\/wp-content\/uploads\/2019\/03\/point-interro-70x70.jpg 70w, https:\/\/stjoorvault.fr\/wp-content\/uploads\/2019\/03\/point-interro-246x246.jpg 246w, https:\/\/stjoorvault.fr\/wp-content\/uploads\/2019\/03\/point-interro-276x276.jpg 276w, https:\/\/stjoorvault.fr\/wp-content\/uploads\/2019\/03\/point-interro-125x125.jpg 125w\" sizes=\"(max-width: 626px) 100vw, 626px\" \/><\/figure><div class=\"wp-block-media-text__content\">\n<p class=\"has-large-font-size\">La CNV ?<\/p>\n<\/div><\/div>\n\n\n\n<p><\/p>\n\n\n\n<blockquote class=\"wp-block-quote\"><p> <br><em>\u00ab Lorsque nous \u00e9coutons, nous n\u2019avons besoin ni de connaissances en psychologie, ni de formation en psychoth\u00e9rapie. L\u2019important, c\u2019est de savoir \u00eatre pr\u00e9sents aux sentiments et aux besoins sp\u00e9cifiques que ressent un individu ici et maintenant. \u00bb<\/em> <\/p><cite>Marshall ROSEMBERG<\/cite><\/blockquote>\n\n\n\n<p><\/p>\n\n\n\n<p>\n\nLa CNV est aujourd\u2019hui diffus\u00e9e et enseign\u00e9e partout dans le monde, en fort d\u00e9veloppement en France o\u00f9 elle est transmise depuis les ann\u00e9es 90.<br><strong>La Communication NonViolente (CNV)<\/strong>&nbsp;est un processus de communication pragmatique et efficace, qui permet d\u2019\u00eatre clair, coh\u00e9rent et congruent dans la communication, tout en \u00e9tant ouvert et dans la compr\u00e9hension de l\u2019autre. Cette approche favorise la coop\u00e9ration et la r\u00e9solution de conflits.<\/p>\n\n\n\n<p><br>La CNV est une approche qui enrichit et potentialise les autres d\u00e9marches professionnelles de management et de communication. Elle est enseign\u00e9e et appliqu\u00e9e dans de nombreuses institutions&nbsp;: entreprises, administrations, h\u00f4pitaux, structures sociales et \u00e9ducatives.<br><br>Elle a \u00e9t\u00e9 mise au point par&nbsp;<strong>Marshall B. Rosenberg<\/strong>, docteur en psychologie, \u00e9l\u00e8ve et collaborateur de&nbsp;<strong>Carl Rogers<\/strong>, r\u00e9dacteur de nombreux livres dont \u00abLes mots sont des fen\u00eatres ou bien ce sont des murs\u00bb.<br><br>C\u2019est d\u2019abord une invitation \u00e0 reconsid\u00e9rer notre fa\u00e7on de nous exprimer, d\u2019\u00e9couter et d\u2019entrer en relation. Nous avons en effet tous exp\u00e9riment\u00e9 des mani\u00e8res joyeuses et authentiques d\u2019\u00eatre en relation avec nous-m\u00eames et avec les autres. Nous vivons \u00e9galement des situations moins satisfaisantes o\u00f9 nous sommes en conflit et doutons de notre capacit\u00e9 \u00e0 trouver avec l\u2019autre une relation harmonieuse et constructive.<br><br>La CNV nous propose dans ces situations&nbsp;<strong>une trame<\/strong>&nbsp;pour maintenir le dialogue ouvert et d\u00e9couvrir que les solutions aux conflits \u00e9mergent de la&nbsp;<strong>qualit\u00e9 du dialogue<\/strong>&nbsp;et de la&nbsp;<strong>sinc\u00e9rit\u00e9 de l\u2019intention<\/strong>. Les grandes lignes en sont&nbsp;:<\/p>\n\n\n\n<ul><li>rep\u00e9rer ce qui, dans notre mani\u00e8re de penser et de communiquer, g\u00e9n\u00e8re de l\u2019opposition ou, au contraire facilite la communication et d\u00e9samorce les conflits \u2022\ufffc clarifier ce que nous vivons, notamment les enjeux ou besoins, et \u00e9tablir nos priorit\u00e9s parmi eux<\/li><li>s\u2019exprimer de mani\u00e8re concise, avec des demandes claires&nbsp;<\/li><li>d\u00e9coder l\u2019agressivit\u00e9 d\u2019autrui, c\u2019est \u00e0 dire ne pas la prendre contre soi de mani\u00e8re \u00e0 garder le dialogue ouvert&nbsp;<\/li><li>\u00e9couter et d\u00e9velopper une \u00e9coute empathique.<\/li><\/ul>\n\n\n\n<p>&nbsp;<br>Plus qu\u2019un processus ou un langage, la CNV devient au fil du temps une invitation \u00e0 concentrer notre&nbsp;<strong>attention<\/strong>&nbsp;sur ce qui est en jeu chez nous et chez l\u2019autre, \u00e0 r\u00e9fl\u00e9chir \u00e0 notre&nbsp;<strong>intention<\/strong>&nbsp;: continuer \u00e0 jouer \u00e0 \u00ab&nbsp;qui a tort, qui a raison&nbsp;?&nbsp;\u00bb ou bien (r)\u00e9tablir le lien&nbsp;?<br><br>L\u2019intention de la Communication NonViolente est de cr\u00e9er une qualit\u00e9 de relation et d\u2019empathie, avec soi et avec les autres, qui permet de satisfaire les besoins fondamentaux de chacun, de mani\u00e8re harmonieuse et pacifique.<br><br>Marshall B. Rosenberg et ses associ\u00e9s enseignent et appliquent la CNV depuis plus de 35 ans dans diff\u00e9rents lieux du monde, y compris des zones de conflit et de violence&nbsp;: en Afrique, au Moyen-Orient, en Europe de l\u2019est, en Irlande, dans le Sud-est asiatique, en Am\u00e9rique du sud, et aussi aux Etats-Unis, au Canada, en Europe occidentale et en Australie.<br><br>La CNV est utilis\u00e9e pour r\u00e9soudre les conflits, am\u00e9liorer les relations et accro\u00eetre les performances dans tous les domaines de l\u2019activit\u00e9 humaine. Nous sommes susceptibles d\u2019intervenir dans tous les secteurs de la soci\u00e9t\u00e9, et intervenons actuellement dans les domaines suivants :<\/p>\n\n\n\n<p><br>\u2022 famille, couples<br>\u2022 education&nbsp;: milieu scolaire, associations de parents\u2026<br>\u2022 entreprises, associations, collectivit\u00e9s<br>\u2022 justice&nbsp;: formation des avocats, m\u00e9diation<br>\u2022 milieu p\u00e9nitentiaire&nbsp; et prisons<br>\u2022 secteur social et aupr\u00e8s des jeunes<br>\u2022 sant\u00e9 (h\u00f4pitaux, EHPAD, formation continue des m\u00e9decins\u2026) et m\u00e9decine du travail<br>\u2022 congr\u00e9gations et communaut\u00e9s religieuses<br>\u2022 militants et syndicats.<\/p>\n\n\n\n<hr class=\"wp-block-separator\"\/>\n\n\n\n<div class=\"wp-block-media-text alignwide\" style=\"grid-template-columns:22% auto\"><figure class=\"wp-block-media-text__media\"><img loading=\"lazy\" decoding=\"async\" width=\"504\" height=\"750\" src=\"https:\/\/stjoorvault.fr\/wp-content\/uploads\/2019\/03\/rosenberg.jpg\" alt=\"\" class=\"wp-image-686\" srcset=\"https:\/\/stjoorvault.fr\/wp-content\/uploads\/2019\/03\/rosenberg.jpg 504w, https:\/\/stjoorvault.fr\/wp-content\/uploads\/2019\/03\/rosenberg-202x300.jpg 202w\" sizes=\"(max-width: 504px) 100vw, 504px\" \/><\/figure><div class=\"wp-block-media-text__content\">\n<p class=\"has-large-font-size\">Le fondateur<\/p>\n<\/div><\/div>\n\n\n\n<p>Le Dr&nbsp;<strong>Marshall B. Rosenberg<\/strong> est un psychologue am\u00e9ricain n\u00e9 le 6 octobre 1934 et mort le 7 f\u00e9vrier 2015.<\/p>\n\n\n\n<p>Il est le cr\u00e9ateur d&#8217;un processus de communication appel\u00e9  <br>Communication Non Violente (CNV) et le directeur p\u00e9dagogique du &nbsp;\u00ab Centre pour la Communication Non Violente \u00bb (Center for Non Violent Communication) une organisation internationale \u00e0 but non lucratif.<\/p>\n\n\n\n<p>En 1931, Marshall Rosenberg a re\u00e7u son dipl\u00f4me de docteur en psychologie clinique \u00e0 l&#8217;Universit\u00e9 du Wisconsin.<\/p>\n\n\n\n<p>Il a \u00e9crit de nombreux livres. Il s&#8217;est inspir\u00e9 de Carl Rogers et de Gandhi.<\/p>\n\n\n\n<p>Marshall Rosenberg est \u00e0 l&#8217;origine d&#8217;un mouvement qui porte aujourd&#8217;hui le nom de CNV en France et qui offre une m\u00e9thodologie simple pour apprendre \u00e0 communiquer sans violence (et non pas sans col\u00e8re). Le concept de la CNV repose sur quatre fondamentaux : OSBD, observation, sentiment, besoin, demande, ces quatre piliers constituent le fondement de la cnv et sont directement reli\u00e9s \u00e0 l&#8217;empathie, \u00e0 l&#8217;\u00e9coute profonde et \u00e0 l\u2019auto empathie. Au del\u00e0 de la m\u00e9thodologie, Marshall Rosenberg propose une attitude, un chemin de vie qui bouleverse les paradigmes et permet un nouveau langage avec lequel chacun peut se donner le maximum de chances d&#8217;obtenir ce qu&#8217;il souhaite.<\/p>\n\n\n\n<p>Marshall Rosenberg laisse derri\u00e8re lui un r\u00e9seau mondial de la CNV qui agit pour diffuser ce processus vecteur de changement social et de Paix.<\/p>\n\n\n\n<hr class=\"wp-block-separator\"\/>\n\n\n\n<div class=\"wp-block-media-text alignwide\" style=\"grid-template-columns:13% auto\"><figure class=\"wp-block-media-text__media\"><img loading=\"lazy\" decoding=\"async\" width=\"225\" height=\"225\" src=\"https:\/\/stjoorvault.fr\/wp-content\/uploads\/2019\/03\/biblio.png\" alt=\"\" class=\"wp-image-685\" srcset=\"https:\/\/stjoorvault.fr\/wp-content\/uploads\/2019\/03\/biblio.png 225w, https:\/\/stjoorvault.fr\/wp-content\/uploads\/2019\/03\/biblio-150x150.png 150w, https:\/\/stjoorvault.fr\/wp-content\/uploads\/2019\/03\/biblio-70x70.png 70w, https:\/\/stjoorvault.fr\/wp-content\/uploads\/2019\/03\/biblio-125x125.png 125w\" sizes=\"(max-width: 225px) 100vw, 225px\" \/><\/figure><div class=\"wp-block-media-text__content\">\n<p class=\"has-large-font-size\">Ressources<\/p>\n<\/div><\/div>\n\n\n\n<div class=\"wp-block-columns has-3-columns is-layout-flex wp-container-core-columns-layout-1 wp-block-columns-is-layout-flex\">\n<div class=\"wp-block-column is-layout-flow wp-block-column-is-layout-flow\">\n<figure class=\"wp-block-image\"><img loading=\"lazy\" decoding=\"async\" width=\"1000\" height=\"1000\" src=\"https:\/\/stjoorvault.fr\/wp-content\/uploads\/2019\/03\/livre01-1.jpg\" alt=\"\" class=\"wp-image-692\" srcset=\"https:\/\/stjoorvault.fr\/wp-content\/uploads\/2019\/03\/livre01-1.jpg 1000w, https:\/\/stjoorvault.fr\/wp-content\/uploads\/2019\/03\/livre01-1-150x150.jpg 150w, https:\/\/stjoorvault.fr\/wp-content\/uploads\/2019\/03\/livre01-1-300x300.jpg 300w, https:\/\/stjoorvault.fr\/wp-content\/uploads\/2019\/03\/livre01-1-768x768.jpg 768w, https:\/\/stjoorvault.fr\/wp-content\/uploads\/2019\/03\/livre01-1-70x70.jpg 70w, https:\/\/stjoorvault.fr\/wp-content\/uploads\/2019\/03\/livre01-1-246x246.jpg 246w, https:\/\/stjoorvault.fr\/wp-content\/uploads\/2019\/03\/livre01-1-276x276.jpg 276w, https:\/\/stjoorvault.fr\/wp-content\/uploads\/2019\/03\/livre01-1-125x125.jpg 125w\" sizes=\"(max-width: 1000px) 100vw, 1000px\" \/><figcaption>Marshall Rosenberg<br><em>Les mots sont des fen\u00eatres<\/em><\/figcaption><\/figure>\n<\/div>\n\n\n\n<div class=\"wp-block-column is-layout-flow wp-block-column-is-layout-flow\">\n<figure class=\"wp-block-image\"><img loading=\"lazy\" decoding=\"async\" width=\"500\" height=\"500\" src=\"https:\/\/stjoorvault.fr\/wp-content\/uploads\/2019\/03\/livre02.jpg\" alt=\"\" class=\"wp-image-693\" srcset=\"https:\/\/stjoorvault.fr\/wp-content\/uploads\/2019\/03\/livre02.jpg 500w, https:\/\/stjoorvault.fr\/wp-content\/uploads\/2019\/03\/livre02-150x150.jpg 150w, https:\/\/stjoorvault.fr\/wp-content\/uploads\/2019\/03\/livre02-300x300.jpg 300w, https:\/\/stjoorvault.fr\/wp-content\/uploads\/2019\/03\/livre02-70x70.jpg 70w, https:\/\/stjoorvault.fr\/wp-content\/uploads\/2019\/03\/livre02-246x246.jpg 246w, https:\/\/stjoorvault.fr\/wp-content\/uploads\/2019\/03\/livre02-276x276.jpg 276w, https:\/\/stjoorvault.fr\/wp-content\/uploads\/2019\/03\/livre02-125x125.jpg 125w\" sizes=\"(max-width: 500px) 100vw, 500px\" \/><figcaption>Faber et Mazlish<br><em>Parler pour que les enfants \u00e9coutent<\/em><\/figcaption><\/figure>\n<\/div>\n\n\n\n<div class=\"wp-block-column is-layout-flow wp-block-column-is-layout-flow\">\n<figure class=\"wp-block-image\"><img loading=\"lazy\" decoding=\"async\" width=\"340\" height=\"340\" src=\"https:\/\/stjoorvault.fr\/wp-content\/uploads\/2019\/03\/livre03.jpg\" alt=\"\" class=\"wp-image-694\" srcset=\"https:\/\/stjoorvault.fr\/wp-content\/uploads\/2019\/03\/livre03.jpg 340w, https:\/\/stjoorvault.fr\/wp-content\/uploads\/2019\/03\/livre03-150x150.jpg 150w, https:\/\/stjoorvault.fr\/wp-content\/uploads\/2019\/03\/livre03-300x300.jpg 300w, https:\/\/stjoorvault.fr\/wp-content\/uploads\/2019\/03\/livre03-70x70.jpg 70w, https:\/\/stjoorvault.fr\/wp-content\/uploads\/2019\/03\/livre03-246x246.jpg 246w, https:\/\/stjoorvault.fr\/wp-content\/uploads\/2019\/03\/livre03-276x276.jpg 276w, https:\/\/stjoorvault.fr\/wp-content\/uploads\/2019\/03\/livre03-125x125.jpg 125w\" sizes=\"(max-width: 340px) 100vw, 340px\" \/><figcaption>Isabelle Filliozat<br><em>Au coeur des \u00e9motions de l&#8217;enfant<\/em><\/figcaption><\/figure>\n<\/div>\n<\/div>\n\n\n\n<div class=\"wp-block-columns has-3-columns is-layout-flex wp-container-core-columns-layout-2 wp-block-columns-is-layout-flex\">\n<div class=\"wp-block-column is-layout-flow wp-block-column-is-layout-flow\">\n<div class=\"wp-block-image\"><figure class=\"aligncenter is-resized\"><img loading=\"lazy\" decoding=\"async\" src=\"https:\/\/stjoorvault.fr\/wp-content\/uploads\/2019\/03\/livre04-723x1024.jpg\" alt=\"\" class=\"wp-image-696\" width=\"177\" height=\"249\"\/><figcaption> <br>Isabelle Filliozat<br><em> J&#8217;ai tout essay\u00e9 !<\/em><\/figcaption><\/figure><\/div>\n<\/div>\n\n\n\n<div class=\"wp-block-column is-layout-flow wp-block-column-is-layout-flow\">\n<div class=\"wp-block-image\"><figure class=\"aligncenter is-resized\"><img loading=\"lazy\" decoding=\"async\" src=\"https:\/\/stjoorvault.fr\/wp-content\/uploads\/2019\/03\/livre05.gif\" alt=\"\" class=\"wp-image-697\" width=\"171\" height=\"249\"\/><figcaption>Thomas d&#8217;Ansembourg<br><em>Cessez d&#8217;\u00eatre gentil, soyez vrai !<\/em><\/figcaption><\/figure><\/div>\n<\/div>\n\n\n\n<div class=\"wp-block-column is-layout-flow wp-block-column-is-layout-flow\">\n<div class=\"wp-block-image\"><figure class=\"aligncenter is-resized\"><img loading=\"lazy\" decoding=\"async\" src=\"https:\/\/stjoorvault.fr\/wp-content\/uploads\/2019\/03\/livre06.jpg\" alt=\"\" class=\"wp-image-698\" width=\"146\" height=\"248\" srcset=\"https:\/\/stjoorvault.fr\/wp-content\/uploads\/2019\/03\/livre06.jpg 400w, https:\/\/stjoorvault.fr\/wp-content\/uploads\/2019\/03\/livre06-177x300.jpg 177w\" sizes=\"(max-width: 146px) 100vw, 146px\" \/><figcaption>Jean-Philippe Faure<br><em>\u00c9duquer sans punitions ni r\u00e9compenses<\/em><\/figcaption><\/figure><\/div>\n<\/div>\n<\/div>\n\n\n\n<hr class=\"wp-block-separator\"\/>\n\n\n\n<div class=\"wp-block-media-text alignwide\" style=\"grid-template-columns:41% auto\"><figure class=\"wp-block-media-text__media\"><img loading=\"lazy\" decoding=\"async\" width=\"1000\" height=\"563\" src=\"https:\/\/stjoorvault.fr\/wp-content\/uploads\/2019\/03\/classe.jpg\" alt=\"\" class=\"wp-image-708\" srcset=\"https:\/\/stjoorvault.fr\/wp-content\/uploads\/2019\/03\/classe.jpg 1000w, https:\/\/stjoorvault.fr\/wp-content\/uploads\/2019\/03\/classe-300x169.jpg 300w, https:\/\/stjoorvault.fr\/wp-content\/uploads\/2019\/03\/classe-768x432.jpg 768w\" sizes=\"(max-width: 1000px) 100vw, 1000px\" \/><\/figure><div class=\"wp-block-media-text__content\">\n<p class=\"has-large-font-size\">Et dans notre \u00e9cole&#8230; ?<\/p>\n<\/div><\/div>\n\n\n\n<p><\/p>\n\n\n\n<p>La grande majorit\u00e9 des enseignants de l&#8217;\u00e9cole ont \u00e9t\u00e9 form\u00e9e \u00e0 la CNV. La Communication Non-Violente est mise en place au coeur d&#8217;un travail autour des \u00e9motions et des besoins de l&#8217;enfant. Elle est \u00e9galement utilis\u00e9e pour g\u00e9rer les conflits.<\/p>\n\n\n\n<p>Nos exemples d&#8217;affiches : <\/p>\n\n\n\n<div class=\"wp-block-columns has-3-columns is-layout-flex wp-container-core-columns-layout-3 wp-block-columns-is-layout-flex\">\n<div class=\"wp-block-column is-layout-flow wp-block-column-is-layout-flow\">\n<figure class=\"wp-block-image\"><img loading=\"lazy\" decoding=\"async\" width=\"899\" height=\"1024\" src=\"https:\/\/stjoorvault.fr\/wp-content\/uploads\/2019\/03\/grande-pancarte-899x1024.jpg\" alt=\"\" class=\"wp-image-711\" srcset=\"https:\/\/stjoorvault.fr\/wp-content\/uploads\/2019\/03\/grande-pancarte-899x1024.jpg 899w, https:\/\/stjoorvault.fr\/wp-content\/uploads\/2019\/03\/grande-pancarte-263x300.jpg 263w, https:\/\/stjoorvault.fr\/wp-content\/uploads\/2019\/03\/grande-pancarte-768x875.jpg 768w\" sizes=\"(max-width: 899px) 100vw, 899px\" \/><\/figure>\n<\/div>\n\n\n\n<div class=\"wp-block-column is-layout-flow wp-block-column-is-layout-flow\">\n<figure class=\"wp-block-image\"><img loading=\"lazy\" decoding=\"async\" width=\"899\" height=\"1024\" src=\"https:\/\/stjoorvault.fr\/wp-content\/uploads\/2019\/03\/grande-pancarte-besoin-1-899x1024.jpg\" alt=\"\" class=\"wp-image-713\" srcset=\"https:\/\/stjoorvault.fr\/wp-content\/uploads\/2019\/03\/grande-pancarte-besoin-1-899x1024.jpg 899w, https:\/\/stjoorvault.fr\/wp-content\/uploads\/2019\/03\/grande-pancarte-besoin-1-263x300.jpg 263w, https:\/\/stjoorvault.fr\/wp-content\/uploads\/2019\/03\/grande-pancarte-besoin-1-768x875.jpg 768w\" sizes=\"(max-width: 899px) 100vw, 899px\" \/><\/figure>\n<\/div>\n\n\n\n<div class=\"wp-block-column is-layout-flow wp-block-column-is-layout-flow\">\n<figure class=\"wp-block-image\"><img loading=\"lazy\" decoding=\"async\" width=\"899\" height=\"1024\" src=\"https:\/\/stjoorvault.fr\/wp-content\/uploads\/2019\/03\/grande-pancarte-message-clair-899x1024.jpg\" alt=\"\" class=\"wp-image-714\" srcset=\"https:\/\/stjoorvault.fr\/wp-content\/uploads\/2019\/03\/grande-pancarte-message-clair-899x1024.jpg 899w, https:\/\/stjoorvault.fr\/wp-content\/uploads\/2019\/03\/grande-pancarte-message-clair-263x300.jpg 263w, https:\/\/stjoorvault.fr\/wp-content\/uploads\/2019\/03\/grande-pancarte-message-clair-768x875.jpg 768w\" sizes=\"(max-width: 899px) 100vw, 899px\" \/><\/figure>\n<\/div>\n<\/div>\n","protected":false},"excerpt":{"rendered":"<p>La CNV ? \u00ab Lorsque nous \u00e9coutons, nous n\u2019avons besoin ni de connaissances en psychologie, ni de formation en psychoth\u00e9rapie. &hellip; <\/p>\n","protected":false},"author":1,"featured_media":0,"parent":0,"menu_order":0,"comment_status":"closed","ping_status":"closed","template":"","meta":{"ngg_post_thumbnail":0,"footnotes":""},"yoast_head":"<!-- This site is optimized with the Yoast SEO plugin v21.3 - https:\/\/yoast.com\/wordpress\/plugins\/seo\/ -->\n<title>La Communication Non-Violente - Ecole Saint Joseph<\/title>\n<meta name=\"robots\" content=\"index, follow, max-snippet:-1, max-image-preview:large, max-video-preview:-1\" \/>\n<link rel=\"canonical\" href=\"https:\/\/stjoorvault.fr\/index.php\/la-communication-non-violente\/\" \/>\n<meta property=\"og:locale\" content=\"fr_FR\" \/>\n<meta property=\"og:type\" content=\"article\" \/>\n<meta property=\"og:title\" content=\"La Communication Non-Violente - Ecole Saint Joseph\" \/>\n<meta property=\"og:description\" content=\"La CNV ? \u00ab Lorsque nous \u00e9coutons, nous n\u2019avons besoin ni de connaissances en psychologie, ni de formation en psychoth\u00e9rapie. &hellip;\" \/>\n<meta property=\"og:url\" content=\"https:\/\/stjoorvault.fr\/index.php\/la-communication-non-violente\/\" \/>\n<meta property=\"og:site_name\" content=\"Ecole Saint Joseph\" \/>\n<meta property=\"article:modified_time\" content=\"2019-03-17T10:25:16+00:00\" \/>\n<meta property=\"og:image\" content=\"http:\/\/stjoorvault.fr\/wp-content\/uploads\/2019\/03\/comm06.png\" \/>\n<meta name=\"twitter:label1\" content=\"Dur\u00e9e de lecture estim\u00e9e\" \/>\n\t<meta name=\"twitter:data1\" content=\"5 minutes\" \/>\n<script type=\"application\/ld+json\" class=\"yoast-schema-graph\">{\"@context\":\"https:\/\/schema.org\",\"@graph\":[{\"@type\":\"WebPage\",\"@id\":\"https:\/\/stjoorvault.fr\/index.php\/la-communication-non-violente\/\",\"url\":\"https:\/\/stjoorvault.fr\/index.php\/la-communication-non-violente\/\",\"name\":\"La Communication Non-Violente - Ecole Saint Joseph\",\"isPartOf\":{\"@id\":\"https:\/\/stjoorvault.fr\/index.php\/#website\"},\"datePublished\":\"2019-03-16T17:13:34+00:00\",\"dateModified\":\"2019-03-17T10:25:16+00:00\",\"breadcrumb\":{\"@id\":\"https:\/\/stjoorvault.fr\/index.php\/la-communication-non-violente\/#breadcrumb\"},\"inLanguage\":\"fr-FR\",\"potentialAction\":[{\"@type\":\"ReadAction\",\"target\":[\"https:\/\/stjoorvault.fr\/index.php\/la-communication-non-violente\/\"]}]},{\"@type\":\"BreadcrumbList\",\"@id\":\"https:\/\/stjoorvault.fr\/index.php\/la-communication-non-violente\/#breadcrumb\",\"itemListElement\":[{\"@type\":\"ListItem\",\"position\":1,\"name\":\"Accueil\",\"item\":\"https:\/\/stjoorvault.fr\/index.php\/\"},{\"@type\":\"ListItem\",\"position\":2,\"name\":\"La Communication Non-Violente\"}]},{\"@type\":\"WebSite\",\"@id\":\"https:\/\/stjoorvault.fr\/index.php\/#website\",\"url\":\"https:\/\/stjoorvault.fr\/index.php\/\",\"name\":\"Ecole Saint Joseph\",\"description\":\"Ecole Priv\u00e9e Catholique \u00e0 Orvault\",\"potentialAction\":[{\"@type\":\"SearchAction\",\"target\":{\"@type\":\"EntryPoint\",\"urlTemplate\":\"https:\/\/stjoorvault.fr\/index.php\/?s={search_term_string}\"},\"query-input\":\"required name=search_term_string\"}],\"inLanguage\":\"fr-FR\"}]}<\/script>\n<!-- \/ Yoast SEO plugin. -->","yoast_head_json":{"title":"La Communication Non-Violente - Ecole Saint Joseph","robots":{"index":"index","follow":"follow","max-snippet":"max-snippet:-1","max-image-preview":"max-image-preview:large","max-video-preview":"max-video-preview:-1"},"canonical":"https:\/\/stjoorvault.fr\/index.php\/la-communication-non-violente\/","og_locale":"fr_FR","og_type":"article","og_title":"La Communication Non-Violente - Ecole Saint Joseph","og_description":"La CNV ? \u00ab Lorsque nous \u00e9coutons, nous n\u2019avons besoin ni de connaissances en psychologie, ni de formation en psychoth\u00e9rapie. &hellip;","og_url":"https:\/\/stjoorvault.fr\/index.php\/la-communication-non-violente\/","og_site_name":"Ecole Saint Joseph","article_modified_time":"2019-03-17T10:25:16+00:00","og_image":[{"url":"http:\/\/stjoorvault.fr\/wp-content\/uploads\/2019\/03\/comm06.png"}],"twitter_misc":{"Dur\u00e9e de lecture estim\u00e9e":"5 minutes"},"schema":{"@context":"https:\/\/schema.org","@graph":[{"@type":"WebPage","@id":"https:\/\/stjoorvault.fr\/index.php\/la-communication-non-violente\/","url":"https:\/\/stjoorvault.fr\/index.php\/la-communication-non-violente\/","name":"La Communication Non-Violente - Ecole Saint Joseph","isPartOf":{"@id":"https:\/\/stjoorvault.fr\/index.php\/#website"},"datePublished":"2019-03-16T17:13:34+00:00","dateModified":"2019-03-17T10:25:16+00:00","breadcrumb":{"@id":"https:\/\/stjoorvault.fr\/index.php\/la-communication-non-violente\/#breadcrumb"},"inLanguage":"fr-FR","potentialAction":[{"@type":"ReadAction","target":["https:\/\/stjoorvault.fr\/index.php\/la-communication-non-violente\/"]}]},{"@type":"BreadcrumbList","@id":"https:\/\/stjoorvault.fr\/index.php\/la-communication-non-violente\/#breadcrumb","itemListElement":[{"@type":"ListItem","position":1,"name":"Accueil","item":"https:\/\/stjoorvault.fr\/index.php\/"},{"@type":"ListItem","position":2,"name":"La Communication Non-Violente"}]},{"@type":"WebSite","@id":"https:\/\/stjoorvault.fr\/index.php\/#website","url":"https:\/\/stjoorvault.fr\/index.php\/","name":"Ecole Saint Joseph","description":"Ecole Priv\u00e9e Catholique \u00e0 Orvault","potentialAction":[{"@type":"SearchAction","target":{"@type":"EntryPoint","urlTemplate":"https:\/\/stjoorvault.fr\/index.php\/?s={search_term_string}"},"query-input":"required name=search_term_string"}],"inLanguage":"fr-FR"}]}},"_links":{"self":[{"href":"https:\/\/stjoorvault.fr\/index.php\/wp-json\/wp\/v2\/pages\/673"}],"collection":[{"href":"https:\/\/stjoorvault.fr\/index.php\/wp-json\/wp\/v2\/pages"}],"about":[{"href":"https:\/\/stjoorvault.fr\/index.php\/wp-json\/wp\/v2\/types\/page"}],"author":[{"embeddable":true,"href":"https:\/\/stjoorvault.fr\/index.php\/wp-json\/wp\/v2\/users\/1"}],"replies":[{"embeddable":true,"href":"https:\/\/stjoorvault.fr\/index.php\/wp-json\/wp\/v2\/comments?post=673"}],"version-history":[{"count":16,"href":"https:\/\/stjoorvault.fr\/index.php\/wp-json\/wp\/v2\/pages\/673\/revisions"}],"predecessor-version":[{"id":716,"href":"https:\/\/stjoorvault.fr\/index.php\/wp-json\/wp\/v2\/pages\/673\/revisions\/716"}],"wp:attachment":[{"href":"https:\/\/stjoorvault.fr\/index.php\/wp-json\/wp\/v2\/media?parent=673"}],"curies":[{"name":"wp","href":"https:\/\/api.w.org\/{rel}","templated":true}]}}