{"id":855,"date":"2019-04-06T22:09:50","date_gmt":"2019-04-06T21:09:50","guid":{"rendered":"http:\/\/stjoorvault.fr\/index_tmp.php\/?page_id=855"},"modified":"2022-06-20T05:39:34","modified_gmt":"2022-06-20T04:39:34","slug":"kermesse","status":"publish","type":"page","link":"https:\/\/stjoorvault.fr\/index.php\/kermesse\/","title":{"rendered":"Kermesse"},"content":{"rendered":"\r\n<figure class=\"wp-block-image\"><img loading=\"lazy\" decoding=\"async\" width=\"1024\" height=\"434\" class=\"wp-image-755\" src=\"https:\/\/stjoorvault.fr\/wp-content\/uploads\/2019\/03\/kermesse02-1024x434.jpg\" alt=\"\" srcset=\"https:\/\/stjoorvault.fr\/wp-content\/uploads\/2019\/03\/kermesse02-1024x434.jpg 1024w, https:\/\/stjoorvault.fr\/wp-content\/uploads\/2019\/03\/kermesse02-300x127.jpg 300w, https:\/\/stjoorvault.fr\/wp-content\/uploads\/2019\/03\/kermesse02-768x326.jpg 768w, https:\/\/stjoorvault.fr\/wp-content\/uploads\/2019\/03\/kermesse02.jpg 1200w\" sizes=\"(max-width: 1024px) 100vw, 1024px\" \/><\/figure>\r\n\r\n\r\n\r\n<p><strong>Le Pr\u00e9sident&nbsp;<\/strong>s\u2019engage lors du renouvellement de son mandat<strong> : \u00ab il fait toujours beau \u00e0 la kermesse ! \u00bb <\/strong>Les nuages et la pluie passent toute la matin\u00e9e,<strong> mais la promesse est toujours tenue pour cet apr\u00e8s-midi de f\u00eate !<\/strong><\/p>\r\n\r\n\r\n\r\n<p>Un grand merci \u00e0&nbsp;<strong>l\u2019\u00e9quipe p\u00e9dagogique<\/strong>, aux associations,&nbsp;<strong>APEL et OGEC<\/strong>, pour l\u2019organisation de cet \u00e9v\u00e9nement, et&nbsp;<strong>\u00e0 tous les parents<\/strong> qui donnent un peu de leur temps pour que cette journ\u00e9e soit inoubliable pour les enfants !<\/p>\r\n\r\n\r\n\r\n<p>Merci \u00e0 nos&nbsp;<strong>partenaires<\/strong>&nbsp;pour leur fid\u00e9lit\u00e9 et leur g\u00e9n\u00e9rosit\u00e9.<\/p>\r\n<p><a href=\"https:\/\/stjoorvault.fr\/wp-content\/uploads\/2022\/06\/bandeau-Kermesse-18-juin-2022.png\"><img loading=\"lazy\" decoding=\"async\" class=\" wp-image-4334 aligncenter\" src=\"https:\/\/stjoorvault.fr\/wp-content\/uploads\/2022\/06\/bandeau-Kermesse-18-juin-2022-300x81.png\" alt=\"\" width=\"523\" height=\"141\" srcset=\"https:\/\/stjoorvault.fr\/wp-content\/uploads\/2022\/06\/bandeau-Kermesse-18-juin-2022-300x81.png 300w, https:\/\/stjoorvault.fr\/wp-content\/uploads\/2022\/06\/bandeau-Kermesse-18-juin-2022-768x208.png 768w, https:\/\/stjoorvault.fr\/wp-content\/uploads\/2022\/06\/bandeau-Kermesse-18-juin-2022.png 899w\" sizes=\"(max-width: 523px) 100vw, 523px\" \/><\/a><\/p>\r\n<h3 style=\"text-align: center;\"><a href=\"https:\/\/www.facebook.com\/100001892601152\/posts\/7527226724017006\/?sfnsn=scwspmo\">Un petit r\u00e9sum\u00e9 en image de l&#8217;\u00e9dition 2022 tant attendue !!&nbsp; merci \u00e0 Fabien R. pour le montage &#8230;.<\/a><\/h3>\r\n<p>Et l&#8217;ouverture en fanfare par la &#8220;Fanfrale&#8221; de l&#8217;\u00e9cole centrale (et oui, la canicule nous a oblig\u00e9s cette ann\u00e9e \u00e0 annuler le d\u00e9fil\u00e9 dans le bourg d&#8217;Orvault, mais la Fanfrale nous a quand m\u00eame entrain\u00e9 aux sons de ses cuivres pour lancer notre kermesse), leur petit grain de folie est toujours un plaisir pour les yeux et les oreilles :<\/p>\r\n<div style=\"width: 640px;\" class=\"wp-video\"><!--[if lt IE 9]><script>document.createElement('video');<\/script><![endif]-->\n<video class=\"wp-video-shortcode\" id=\"video-855-1\" width=\"640\" height=\"352\" preload=\"metadata\" controls=\"controls\"><source type=\"video\/mp4\" src=\"https:\/\/stjoorvault.fr\/wp-content\/uploads\/2022\/06\/fanfare-FANFRALE-18-juin-2022.mp4?_=1\" \/><a href=\"https:\/\/stjoorvault.fr\/wp-content\/uploads\/2022\/06\/fanfare-FANFRALE-18-juin-2022.mp4\">https:\/\/stjoorvault.fr\/wp-content\/uploads\/2022\/06\/fanfare-FANFRALE-18-juin-2022.mp4<\/a><\/video><\/div>\r\n<h2 style=\"text-align: center;\">&nbsp;<\/h2>\r\n<p>Et d\u00e9j\u00e0 quelques photos de cette belle apr\u00e8s-midi :<\/p>\r\n\r\n\r\n\r\n\r\n\r\n<figure>\r\n<div id='gallery-1' class='gallery galleryid-855 gallery-columns-3 gallery-size-medium'><figure class='gallery-item'>\n\t\t\t<div class='gallery-icon portrait'>\n\t\t\t\t<a href='https:\/\/stjoorvault.fr\/index.php\/whatsapp-image-2022-06-19-at-00-47-46\/'><img loading=\"lazy\" decoding=\"async\" width=\"225\" height=\"300\" src=\"https:\/\/stjoorvault.fr\/wp-content\/uploads\/2022\/06\/WhatsApp-Image-2022-06-19-at-00.47.46-225x300.jpeg\" class=\"attachment-medium size-medium\" alt=\"\" srcset=\"https:\/\/stjoorvault.fr\/wp-content\/uploads\/2022\/06\/WhatsApp-Image-2022-06-19-at-00.47.46-225x300.jpeg 225w, https:\/\/stjoorvault.fr\/wp-content\/uploads\/2022\/06\/WhatsApp-Image-2022-06-19-at-00.47.46-768x1024.jpeg 768w, https:\/\/stjoorvault.fr\/wp-content\/uploads\/2022\/06\/WhatsApp-Image-2022-06-19-at-00.47.46-1152x1536.jpeg 1152w, https:\/\/stjoorvault.fr\/wp-content\/uploads\/2022\/06\/WhatsApp-Image-2022-06-19-at-00.47.46.jpeg 1440w\" sizes=\"(max-width: 225px) 100vw, 225px\" \/><\/a>\n\t\t\t<\/div><\/figure><figure class='gallery-item'>\n\t\t\t<div class='gallery-icon landscape'>\n\t\t\t\t<a href='https:\/\/stjoorvault.fr\/index.php\/whatsapp-image-2022-06-19-at-00-44-46\/'><img loading=\"lazy\" decoding=\"async\" width=\"300\" height=\"150\" src=\"https:\/\/stjoorvault.fr\/wp-content\/uploads\/2022\/06\/WhatsApp-Image-2022-06-19-at-00.44.46-300x150.jpeg\" class=\"attachment-medium size-medium\" alt=\"\" srcset=\"https:\/\/stjoorvault.fr\/wp-content\/uploads\/2022\/06\/WhatsApp-Image-2022-06-19-at-00.44.46-300x150.jpeg 300w, https:\/\/stjoorvault.fr\/wp-content\/uploads\/2022\/06\/WhatsApp-Image-2022-06-19-at-00.44.46-1024x512.jpeg 1024w, https:\/\/stjoorvault.fr\/wp-content\/uploads\/2022\/06\/WhatsApp-Image-2022-06-19-at-00.44.46-768x384.jpeg 768w, https:\/\/stjoorvault.fr\/wp-content\/uploads\/2022\/06\/WhatsApp-Image-2022-06-19-at-00.44.46-1536x768.jpeg 1536w, https:\/\/stjoorvault.fr\/wp-content\/uploads\/2022\/06\/WhatsApp-Image-2022-06-19-at-00.44.46.jpeg 1984w\" sizes=\"(max-width: 300px) 100vw, 300px\" \/><\/a>\n\t\t\t<\/div><\/figure><figure class='gallery-item'>\n\t\t\t<div class='gallery-icon portrait'>\n\t\t\t\t<a href='https:\/\/stjoorvault.fr\/index.php\/whatsapp-image-2022-06-18-at-12-05-25\/'><img loading=\"lazy\" decoding=\"async\" width=\"169\" height=\"300\" src=\"https:\/\/stjoorvault.fr\/wp-content\/uploads\/2022\/06\/WhatsApp-Image-2022-06-18-at-12.05.25-169x300.jpeg\" class=\"attachment-medium size-medium\" alt=\"\" srcset=\"https:\/\/stjoorvault.fr\/wp-content\/uploads\/2022\/06\/WhatsApp-Image-2022-06-18-at-12.05.25-169x300.jpeg 169w, https:\/\/stjoorvault.fr\/wp-content\/uploads\/2022\/06\/WhatsApp-Image-2022-06-18-at-12.05.25-576x1024.jpeg 576w, https:\/\/stjoorvault.fr\/wp-content\/uploads\/2022\/06\/WhatsApp-Image-2022-06-18-at-12.05.25-768x1365.jpeg 768w, https:\/\/stjoorvault.fr\/wp-content\/uploads\/2022\/06\/WhatsApp-Image-2022-06-18-at-12.05.25-864x1536.jpeg 864w, https:\/\/stjoorvault.fr\/wp-content\/uploads\/2022\/06\/WhatsApp-Image-2022-06-18-at-12.05.25.jpeg 900w\" sizes=\"(max-width: 169px) 100vw, 169px\" \/><\/a>\n\t\t\t<\/div><\/figure><figure class='gallery-item'>\n\t\t\t<div class='gallery-icon portrait'>\n\t\t\t\t<a href='https:\/\/stjoorvault.fr\/index.php\/whatsapp-image-2022-06-18-at-12-04-54\/'><img loading=\"lazy\" decoding=\"async\" width=\"225\" height=\"300\" src=\"https:\/\/stjoorvault.fr\/wp-content\/uploads\/2022\/06\/WhatsApp-Image-2022-06-18-at-12.04.54-225x300.jpeg\" class=\"attachment-medium size-medium\" alt=\"\" srcset=\"https:\/\/stjoorvault.fr\/wp-content\/uploads\/2022\/06\/WhatsApp-Image-2022-06-18-at-12.04.54-225x300.jpeg 225w, https:\/\/stjoorvault.fr\/wp-content\/uploads\/2022\/06\/WhatsApp-Image-2022-06-18-at-12.04.54-768x1024.jpeg 768w, https:\/\/stjoorvault.fr\/wp-content\/uploads\/2022\/06\/WhatsApp-Image-2022-06-18-at-12.04.54-1152x1536.jpeg 1152w, https:\/\/stjoorvault.fr\/wp-content\/uploads\/2022\/06\/WhatsApp-Image-2022-06-18-at-12.04.54.jpeg 1536w\" sizes=\"(max-width: 225px) 100vw, 225px\" \/><\/a>\n\t\t\t<\/div><\/figure><figure class='gallery-item'>\n\t\t\t<div class='gallery-icon landscape'>\n\t\t\t\t<a href='https:\/\/stjoorvault.fr\/index.php\/whatsapp-image-2022-06-18-at-12-04-45\/'><img loading=\"lazy\" decoding=\"async\" width=\"300\" height=\"225\" src=\"https:\/\/stjoorvault.fr\/wp-content\/uploads\/2022\/06\/WhatsApp-Image-2022-06-18-at-12.04.45-300x225.jpeg\" class=\"attachment-medium size-medium\" alt=\"\" srcset=\"https:\/\/stjoorvault.fr\/wp-content\/uploads\/2022\/06\/WhatsApp-Image-2022-06-18-at-12.04.45-300x225.jpeg 300w, https:\/\/stjoorvault.fr\/wp-content\/uploads\/2022\/06\/WhatsApp-Image-2022-06-18-at-12.04.45-1024x768.jpeg 1024w, https:\/\/stjoorvault.fr\/wp-content\/uploads\/2022\/06\/WhatsApp-Image-2022-06-18-at-12.04.45-768x576.jpeg 768w, https:\/\/stjoorvault.fr\/wp-content\/uploads\/2022\/06\/WhatsApp-Image-2022-06-18-at-12.04.45-1536x1152.jpeg 1536w, https:\/\/stjoorvault.fr\/wp-content\/uploads\/2022\/06\/WhatsApp-Image-2022-06-18-at-12.04.45.jpeg 2048w\" sizes=\"(max-width: 300px) 100vw, 300px\" \/><\/a>\n\t\t\t<\/div><\/figure><figure class='gallery-item'>\n\t\t\t<div class='gallery-icon landscape'>\n\t\t\t\t<a href='https:\/\/stjoorvault.fr\/index.php\/whatsapp-image-2022-06-18-at-12-04-08\/'><img loading=\"lazy\" decoding=\"async\" width=\"300\" height=\"225\" src=\"https:\/\/stjoorvault.fr\/wp-content\/uploads\/2022\/06\/WhatsApp-Image-2022-06-18-at-12.04.08-300x225.jpeg\" class=\"attachment-medium size-medium\" alt=\"\" srcset=\"https:\/\/stjoorvault.fr\/wp-content\/uploads\/2022\/06\/WhatsApp-Image-2022-06-18-at-12.04.08-300x225.jpeg 300w, https:\/\/stjoorvault.fr\/wp-content\/uploads\/2022\/06\/WhatsApp-Image-2022-06-18-at-12.04.08-1024x768.jpeg 1024w, https:\/\/stjoorvault.fr\/wp-content\/uploads\/2022\/06\/WhatsApp-Image-2022-06-18-at-12.04.08-768x576.jpeg 768w, https:\/\/stjoorvault.fr\/wp-content\/uploads\/2022\/06\/WhatsApp-Image-2022-06-18-at-12.04.08-1536x1152.jpeg 1536w, https:\/\/stjoorvault.fr\/wp-content\/uploads\/2022\/06\/WhatsApp-Image-2022-06-18-at-12.04.08.jpeg 2048w\" sizes=\"(max-width: 300px) 100vw, 300px\" \/><\/a>\n\t\t\t<\/div><\/figure><figure class='gallery-item'>\n\t\t\t<div class='gallery-icon portrait'>\n\t\t\t\t<a href='https:\/\/stjoorvault.fr\/index.php\/gagnants-tombola-18-juin-2022-ecole-st-joseph\/sponsors-2022-tombola-ecole-st-joseph\/'><img loading=\"lazy\" decoding=\"async\" width=\"211\" height=\"300\" src=\"https:\/\/stjoorvault.fr\/wp-content\/uploads\/2022\/06\/sponsors-2022-tombola-ecole-St-Joseph-211x300.jpg\" class=\"attachment-medium size-medium\" alt=\"\" srcset=\"https:\/\/stjoorvault.fr\/wp-content\/uploads\/2022\/06\/sponsors-2022-tombola-ecole-St-Joseph-211x300.jpg 211w, https:\/\/stjoorvault.fr\/wp-content\/uploads\/2022\/06\/sponsors-2022-tombola-ecole-St-Joseph.jpg 650w\" sizes=\"(max-width: 211px) 100vw, 211px\" \/><\/a>\n\t\t\t<\/div><\/figure><figure class='gallery-item'>\n\t\t\t<div class='gallery-icon landscape'>\n\t\t\t\t<a href='https:\/\/stjoorvault.fr\/index.php\/gagnants-tombola-18-juin-2022-ecole-st-joseph\/278101056_1163033377858743_3342575693581024052_n\/'><img loading=\"lazy\" decoding=\"async\" width=\"300\" height=\"183\" src=\"https:\/\/stjoorvault.fr\/wp-content\/uploads\/2022\/06\/278101056_1163033377858743_3342575693581024052_n-300x183.jpg\" class=\"attachment-medium size-medium\" alt=\"\" srcset=\"https:\/\/stjoorvault.fr\/wp-content\/uploads\/2022\/06\/278101056_1163033377858743_3342575693581024052_n-300x183.jpg 300w, https:\/\/stjoorvault.fr\/wp-content\/uploads\/2022\/06\/278101056_1163033377858743_3342575693581024052_n-1024x624.jpg 1024w, https:\/\/stjoorvault.fr\/wp-content\/uploads\/2022\/06\/278101056_1163033377858743_3342575693581024052_n-768x468.jpg 768w, https:\/\/stjoorvault.fr\/wp-content\/uploads\/2022\/06\/278101056_1163033377858743_3342575693581024052_n-750x458.jpg 750w, https:\/\/stjoorvault.fr\/wp-content\/uploads\/2022\/06\/278101056_1163033377858743_3342575693581024052_n.jpg 1096w\" sizes=\"(max-width: 300px) 100vw, 300px\" \/><\/a>\n\t\t\t<\/div><\/figure>\n\t\t<\/div>\n\r\n<\/figure>\r\n<p>&nbsp;<\/p>\r\n<p>&nbsp;<\/p>\r\n<p>Les autres \u00e9ditions :<\/p>\r\n<figure><\/figure>\r\n<figure>KERMESSE 2019 <\/figure>\r\n<figure class=\"wp-block-image size-large\"><img loading=\"lazy\" decoding=\"async\" width=\"1024\" height=\"768\" class=\"wp-image-1129\" src=\"https:\/\/stjoorvault.fr\/wp-content\/uploads\/2019\/06\/P1230643-1024x768.jpg\" alt=\"\" srcset=\"https:\/\/stjoorvault.fr\/wp-content\/uploads\/2019\/06\/P1230643-1024x768.jpg 1024w, https:\/\/stjoorvault.fr\/wp-content\/uploads\/2019\/06\/P1230643-300x225.jpg 300w, https:\/\/stjoorvault.fr\/wp-content\/uploads\/2019\/06\/P1230643-768x576.jpg 768w\" sizes=\"(max-width: 1024px) 100vw, 1024px\" \/>\r\n<figcaption>La Fanfare pour la Kermesse 2019<\/figcaption>\r\n<\/figure>\r\n\r\n\r\n\r\n<figure class=\"wp-block-image size-large\"><img loading=\"lazy\" decoding=\"async\" width=\"1024\" height=\"768\" class=\"wp-image-1133\" src=\"https:\/\/stjoorvault.fr\/wp-content\/uploads\/2019\/06\/P1230630-1024x768.jpg\" alt=\"\" srcset=\"https:\/\/stjoorvault.fr\/wp-content\/uploads\/2019\/06\/P1230630-1024x768.jpg 1024w, https:\/\/stjoorvault.fr\/wp-content\/uploads\/2019\/06\/P1230630-300x225.jpg 300w, https:\/\/stjoorvault.fr\/wp-content\/uploads\/2019\/06\/P1230630-768x576.jpg 768w\" sizes=\"(max-width: 1024px) 100vw, 1024px\" \/>\r\n<figcaption>Le d\u00e9fil\u00e9 dans le bourg Kermesse 2019<\/figcaption>\r\n<\/figure>\r\n\r\n\r\n\r\n<figure class=\"wp-block-embed-youtube wp-block-embed is-type-video is-provider-youtube wp-embed-aspect-16-9 wp-has-aspect-ratio\">\r\n<div class=\"wp-block-embed__wrapper\">https:\/\/youtu.be\/m2trsunZql4<\/div>\r\n<\/figure>\r\n","protected":false},"excerpt":{"rendered":"<p>Le Pr\u00e9sident&nbsp;s\u2019engage lors du renouvellement de son mandat : \u00ab il fait toujours beau \u00e0 la kermesse ! \u00bb Les &hellip; <\/p>\n","protected":false},"author":1,"featured_media":0,"parent":0,"menu_order":0,"comment_status":"closed","ping_status":"closed","template":"","meta":{"ngg_post_thumbnail":0,"footnotes":""},"yoast_head":"<!-- This site is optimized with the Yoast SEO plugin v21.3 - https:\/\/yoast.com\/wordpress\/plugins\/seo\/ -->\n<title>Kermesse - Ecole Saint Joseph<\/title>\n<meta name=\"robots\" content=\"index, follow, max-snippet:-1, max-image-preview:large, max-video-preview:-1\" \/>\n<link rel=\"canonical\" href=\"https:\/\/stjoorvault.fr\/index.php\/kermesse\/\" \/>\n<meta property=\"og:locale\" content=\"fr_FR\" \/>\n<meta property=\"og:type\" content=\"article\" \/>\n<meta property=\"og:title\" content=\"Kermesse - Ecole Saint Joseph\" \/>\n<meta property=\"og:description\" content=\"Le Pr\u00e9sident&nbsp;s\u2019engage lors du renouvellement de son mandat : \u00ab il fait toujours beau \u00e0 la kermesse ! \u00bb Les &hellip;\" \/>\n<meta property=\"og:url\" content=\"https:\/\/stjoorvault.fr\/index.php\/kermesse\/\" \/>\n<meta property=\"og:site_name\" content=\"Ecole Saint Joseph\" \/>\n<meta property=\"article:modified_time\" content=\"2022-06-20T04:39:34+00:00\" \/>\n<meta property=\"og:image\" content=\"https:\/\/stjoorvault.fr\/wp-content\/uploads\/2022\/06\/WhatsApp-Image-2022-06-19-at-00.47.46-225x300.jpeg\" \/>\n<meta name=\"twitter:label1\" content=\"Dur\u00e9e de lecture estim\u00e9e\" \/>\n\t<meta name=\"twitter:data1\" content=\"1 minute\" \/>\n<script type=\"application\/ld+json\" class=\"yoast-schema-graph\">{\"@context\":\"https:\/\/schema.org\",\"@graph\":[{\"@type\":\"WebPage\",\"@id\":\"https:\/\/stjoorvault.fr\/index.php\/kermesse\/\",\"url\":\"https:\/\/stjoorvault.fr\/index.php\/kermesse\/\",\"name\":\"Kermesse - Ecole Saint Joseph\",\"isPartOf\":{\"@id\":\"https:\/\/stjoorvault.fr\/index.php\/#website\"},\"datePublished\":\"2019-04-06T21:09:50+00:00\",\"dateModified\":\"2022-06-20T04:39:34+00:00\",\"breadcrumb\":{\"@id\":\"https:\/\/stjoorvault.fr\/index.php\/kermesse\/#breadcrumb\"},\"inLanguage\":\"fr-FR\",\"potentialAction\":[{\"@type\":\"ReadAction\",\"target\":[\"https:\/\/stjoorvault.fr\/index.php\/kermesse\/\"]}]},{\"@type\":\"BreadcrumbList\",\"@id\":\"https:\/\/stjoorvault.fr\/index.php\/kermesse\/#breadcrumb\",\"itemListElement\":[{\"@type\":\"ListItem\",\"position\":1,\"name\":\"Accueil\",\"item\":\"https:\/\/stjoorvault.fr\/index.php\/\"},{\"@type\":\"ListItem\",\"position\":2,\"name\":\"Kermesse\"}]},{\"@type\":\"WebSite\",\"@id\":\"https:\/\/stjoorvault.fr\/index.php\/#website\",\"url\":\"https:\/\/stjoorvault.fr\/index.php\/\",\"name\":\"Ecole Saint Joseph\",\"description\":\"Ecole Priv\u00e9e Catholique \u00e0 Orvault\",\"potentialAction\":[{\"@type\":\"SearchAction\",\"target\":{\"@type\":\"EntryPoint\",\"urlTemplate\":\"https:\/\/stjoorvault.fr\/index.php\/?s={search_term_string}\"},\"query-input\":\"required name=search_term_string\"}],\"inLanguage\":\"fr-FR\"}]}<\/script>\n<!-- \/ Yoast SEO plugin. -->","yoast_head_json":{"title":"Kermesse - Ecole Saint Joseph","robots":{"index":"index","follow":"follow","max-snippet":"max-snippet:-1","max-image-preview":"max-image-preview:large","max-video-preview":"max-video-preview:-1"},"canonical":"https:\/\/stjoorvault.fr\/index.php\/kermesse\/","og_locale":"fr_FR","og_type":"article","og_title":"Kermesse - Ecole Saint Joseph","og_description":"Le Pr\u00e9sident&nbsp;s\u2019engage lors du renouvellement de son mandat : \u00ab il fait toujours beau \u00e0 la kermesse ! \u00bb Les &hellip;","og_url":"https:\/\/stjoorvault.fr\/index.php\/kermesse\/","og_site_name":"Ecole Saint Joseph","article_modified_time":"2022-06-20T04:39:34+00:00","og_image":[{"url":"https:\/\/stjoorvault.fr\/wp-content\/uploads\/2022\/06\/WhatsApp-Image-2022-06-19-at-00.47.46-225x300.jpeg"}],"twitter_misc":{"Dur\u00e9e de lecture estim\u00e9e":"1 minute"},"schema":{"@context":"https:\/\/schema.org","@graph":[{"@type":"WebPage","@id":"https:\/\/stjoorvault.fr\/index.php\/kermesse\/","url":"https:\/\/stjoorvault.fr\/index.php\/kermesse\/","name":"Kermesse - Ecole Saint Joseph","isPartOf":{"@id":"https:\/\/stjoorvault.fr\/index.php\/#website"},"datePublished":"2019-04-06T21:09:50+00:00","dateModified":"2022-06-20T04:39:34+00:00","breadcrumb":{"@id":"https:\/\/stjoorvault.fr\/index.php\/kermesse\/#breadcrumb"},"inLanguage":"fr-FR","potentialAction":[{"@type":"ReadAction","target":["https:\/\/stjoorvault.fr\/index.php\/kermesse\/"]}]},{"@type":"BreadcrumbList","@id":"https:\/\/stjoorvault.fr\/index.php\/kermesse\/#breadcrumb","itemListElement":[{"@type":"ListItem","position":1,"name":"Accueil","item":"https:\/\/stjoorvault.fr\/index.php\/"},{"@type":"ListItem","position":2,"name":"Kermesse"}]},{"@type":"WebSite","@id":"https:\/\/stjoorvault.fr\/index.php\/#website","url":"https:\/\/stjoorvault.fr\/index.php\/","name":"Ecole Saint Joseph","description":"Ecole Priv\u00e9e Catholique \u00e0 Orvault","potentialAction":[{"@type":"SearchAction","target":{"@type":"EntryPoint","urlTemplate":"https:\/\/stjoorvault.fr\/index.php\/?s={search_term_string}"},"query-input":"required name=search_term_string"}],"inLanguage":"fr-FR"}]}},"_links":{"self":[{"href":"https:\/\/stjoorvault.fr\/index.php\/wp-json\/wp\/v2\/pages\/855"}],"collection":[{"href":"https:\/\/stjoorvault.fr\/index.php\/wp-json\/wp\/v2\/pages"}],"about":[{"href":"https:\/\/stjoorvault.fr\/index.php\/wp-json\/wp\/v2\/types\/page"}],"author":[{"embeddable":true,"href":"https:\/\/stjoorvault.fr\/index.php\/wp-json\/wp\/v2\/users\/1"}],"replies":[{"embeddable":true,"href":"https:\/\/stjoorvault.fr\/index.php\/wp-json\/wp\/v2\/comments?post=855"}],"version-history":[{"count":9,"href":"https:\/\/stjoorvault.fr\/index.php\/wp-json\/wp\/v2\/pages\/855\/revisions"}],"predecessor-version":[{"id":4345,"href":"https:\/\/stjoorvault.fr\/index.php\/wp-json\/wp\/v2\/pages\/855\/revisions\/4345"}],"wp:attachment":[{"href":"https:\/\/stjoorvault.fr\/index.php\/wp-json\/wp\/v2\/media?parent=855"}],"curies":[{"name":"wp","href":"https:\/\/api.w.org\/{rel}","templated":true}]}}